-44*t = -36*t - 936. What is the highest common factor of 26 and t?
13
Suppose -25*b - 27*b = -6916. Calculate the greatest common divisor of b and 98.
7
Let h be (-530)/(-6) + -3 - 8/6. Let l be -5*(-2 - 7/(-5)). Suppose 4*v - 5*t - 24 = 3*v, 38 = l*v + 2*t. Calculate the greatest common factor of v and h.
14
Let o(t) = t**2 - 8*t - 52. Let r be o(13). Suppose 3*g + 5 = 8*g. What is the highest common divisor of g and r?
1
Let f be (24 + (-8)/4)*(2 + -1). Suppose -5*s + 28 = -2. Let d(h) = h**2 - h - 8. Let i be d(s). Calculate the greatest common divisor of i and f.
22
Let i = 499 + -215. Calculate the greatest common divisor of 71 and i.
71
Let n(p) = -2*p**2 + 5*p**3 + 3 + 7*p**3 - p - 10*p**3. Let g be n(2). What is the greatest common factor of g and 6?
3
Suppose -59*m + 32*m = -3672. What is the greatest common divisor of m and 8?
8
Suppose -4*c + 776 = 4*x, 3*x - 2*c = 449 + 153. Let i = 11 - 21. Let y be (-8)/2*55/i. Calculate the highest common divisor of y and x.
22
Suppose 4*z = -4*c + 8 - 0, -16 = -2*z - 5*c. Let o be (-6)/z*340/30. Calculate the highest common divisor of o and 170.
34
Let w = -6 + 11. Suppose -3*v + 5*x = -8*v, -x = w*v. Let a be (-5)/(4 + v - 5). Calculate the highest common factor of 5 and a.
5
Let p be -7 + 10 + 9*9. What is the greatest common divisor of 56 and p?
28
Let a be 96/40*((-644)/(-21) - -1). Calculate the highest common divisor of a and 2432.
76
Let w(y) = y**3 - 9*y**2 - y + 2. Let q be w(9). Let z = q + 23. Suppose 176 = 3*r - 2*r. Calculate the greatest common factor of r and z.
16
Let q be -10 - ((-7 - -2) + 3). Let y be (18/q)/((-30)/160). Suppose -11*r - 25 = -y*r. What is the greatest common factor of 5 and r?
5
Let a be 4/(-18) + 423/81. Let v be 40/25 - (-2)/a. Suppose -4*u = -3*q - 35, 23 + 7 = v*u - 4*q. Calculate the highest common factor of 5 and u.
5
Let t be 14 + -17 - (-4 - -1). Suppose -6*y + 2*y - 8 = t. Let v be y - 1 - (1 - 9). Calculate the highest common factor of v and 15.
5
Suppose -5*l + 11050 = -5*d, -5*l - 31*d + 28*d = -11010. What is the highest common factor of l and 30?
15
Let n = -13 + 15. Let y be (n - -1) + 0 - -1. Let a be (-5 + y)/(1/(-14)). Calculate the greatest common divisor of 14 and a.
14
Let z be (5/10)/(2/152). Suppose -3*l - 22 = -r, -3*r - l + 6*l = -62. What is the greatest common divisor of z and r?
19
Let b be 280/(-36) + 8 - 932/(-18). Calculate the highest common divisor of b and 286.
26
Let h be (-3 + 3)/(6/6). Suppose -2*n = 10, -3*r - 3*n - 36 = -h*n. Let q be (-1 + -49)/(r/7). What is the highest common factor of q and 25?
25
Let x = 60 - 42. Calculate the highest common factor of x and 4.
2
Suppose -24 = -3*r - 9. Let b be 2/(-9) + (-40)/(-18). Suppose 2*p - 4 = -14, 2*p = -b*n + 40. Calculate the highest common factor of r and n.
5
Suppose 3*v - 799 = 797. What is the highest common divisor of v and 380?
76
Let h(w) = 4*w**2 + 16*w + 26. Let p be h(-5). Let n = 96 - 27. Calculate the highest common factor of n and p.
23
Let d = -64 + 204. Suppose 0 = -5*c - 0*c + 2*h + 175, -5*h = 5*c - d. Let v be (c + -3)*(0 + 1). What is the highest common divisor of 75 and v?
15
Suppose -5*g + 2350 = 15*z - 20*z, 5*g - 4*z = 2352. Calculate the greatest common factor of 8 and g.
8
Let u be 0/(-1) + (1 - -3). Suppose -w - u*w = -65. Calculate the greatest common factor of 65 and w.
13
Suppose 214*b - 375 = 211*b. Suppose 0 = 5*d + 4*z - 266, d + 6*z - 62 = 3*z. What is the highest common factor of d and b?
25
Let z(w) = w**3 - 15*w**2 + 13*w + 14. Let m be z(14). Suppose 0*x + 2*x - 18 = m. Calculate the greatest common divisor of x and 63.
9
Let d = -84 - -143. Let g = d + -42. Calculate the greatest common divisor of 51 and g.
17
Let t(v) = 22*v + 1. Let z(y) = y - 1. Let d(u) = -4*t(u) - 12*z(u). Let a be d(-2). Calculate the highest common divisor of a and 26.
26
Let u(s) = s**3 + 4*s**2 - 10*s - 7. Let m be u(-6). Let k = m + 21. Suppose 3*v - k*v = 187. What is the greatest common divisor of 17 and v?
17
Let z(d) = -d**2 - 13*d + 2. Let v be z(-8). Suppose u = 3 - 5, -2*r + 22 = -5*u. What is the highest common factor of v and r?
6
Let m be 4/12*(-5 + 95). Let f be m*((-3)/3 - -2). What is the highest common factor of f and 210?
30
Let k be 4/(-1*(-2)/6). Suppose 2*l = -3*y + 281, y + l + 4*l = 85. Let b = 107 - y. Calculate the greatest common factor of b and k.
12
Let a = -30 - -56. Let o be 0/(6 + 0 - (-15)/(-5)). Suppose -5*i = -3*m + 205, 5*m - 3*m + 4*i - 122 = o. Calculate the highest common factor of a and m.
13
Let j(f) = -20 - 30 - 18 + 13*f + 53. Let q be j(6). Calculate the greatest common factor of q and 18.
9
Let f be (3/7)/(85/55335). What is the greatest common divisor of f and 93?
93
Let k(n) = n**2 + 12*n - 19. Let d be k(-14). Let x be 0 + (3 - -45) - 3. Calculate the greatest common divisor of x and d.
9
Let r = -30 - -11. Let z = 69 - r. Let q(p) = -p**3 + 13*p**2 + 14*p + 11. Let i be q(14). Calculate the greatest common divisor of i and z.
11
Let i be 265/40 + (-9)/(-24). What is the greatest common factor of 224 and i?
7
Let s = -17 - -26. Let u = 10 - s. Let o be (u + 27/(-15))*-20. What is the greatest common factor of 24 and o?
8
Let f be ((-3)/2)/((-10)/60). Calculate the highest common divisor of f and 576.
9
Let l(h) = -h**2 + 29*h - 151. Let p be l(7). Let i = 22 - -5. What is the highest common factor of p and i?
3
Let i = 63 + -45. Let m(z) = z**2 + 13*z - 39. Let d be m(-16). What is the greatest common divisor of d and i?
9
Let a(o) = -3*o + 290. Let x be a(46). Calculate the greatest common divisor of x and 342.
38
Let d be 7/5 + -1 + (-308)/(-5). What is the greatest common factor of d and 155?
31
Suppose 0 = 2*y - 3*i - 921, -4*y + 483*i + 1854 = 481*i. Calculate the greatest common divisor of y and 186.
93
Let b be (1 - (-10)/4)/((-12)/(-144)). Let y = -61 + 75. What is the greatest common factor of y and b?
14
Suppose 0 = -0*w + 8*w - 224. Let g(d) = d + 13. Let r be g(-9). Calculate the highest common factor of r and w.
4
Let t be (-2 - 37)*9/(-17 - -8). Suppose 0*i - 104 = -4*i. What is the greatest common divisor of t and i?
13
Suppose 0 = -3*n + 2*n + 28. Let k be (-8)/n - (-54)/(-7). Let m be k*(-1)/8*10. What is the highest common factor of m and 30?
10
Let u = 95 - 64. Let h = 44 + -13. Calculate the highest common factor of u and h.
31
Suppose 11*i = 5 + 259. Suppose -13*k + 12*k = -6. What is the greatest common factor of i and k?
6
Let x(d) = -d**3 - 5*d**2 - 8*d - 16. Let q be x(-9). Suppose q - 115 = 2*w - 5*a, -3*w = -a - 365. Calculate the greatest common factor of 8 and w.
8
Suppose 60 = 4*k + 2*v, 4*k + 75*v = 72*v + 64. Calculate the greatest common divisor of k and 1313.
13
Let i(s) = 3*s**2 - 28*s - 42. Let y be i(26). Calculate the highest common divisor of y and 34.
34
Let i = -8 + 15. Let d = i - 9. Let j = d - -5. Calculate the greatest common divisor of 3 and j.
3
Suppose -4*c = s - 5, 0 = -2*s + 46*c - 47*c + 17. Let x be ((-2)/(-4))/((-3)/(-864)). Calculate the greatest common divisor of s and x.
9
Let m = 89 - 50. Let d = -17 + m. Calculate the highest common divisor of 110 and d.
22
Suppose -6 = 5*l - 26, -3*u - 4007 = 4*l. Let k be u/(-24) - 7/(-56). Let z be 3/((-60)/(-28))*5. Calculate the greatest common divisor of k and z.
7
Suppose -6*w - 5*b - 639 = -10*w, 3*w - 484 = -b. Suppose -189 - w = -7*a. Calculate the highest common factor of 25 and a.
25
Let j = 662 + -598. What is the greatest common divisor of 256 and j?
64
Let b = -194 - -214. Suppose 0 = s - 9 - 71. What is the greatest common divisor of b and s?
20
Let b(t) = -t**3 - 27*t**2 - 2*t - 34. Let p = -85 - -58. Let x be b(p). What is the highest common factor of x and 4?
4
Suppose -13*b + 1176 = 15*b. What is the highest common divisor of b and 1344?
42
Let t = -40 + 60. Suppose -152 = -18*c + 28. What is the highest common divisor of c and t?
10
Let s(t) = -3*t**3 - 8*t**2 - 6*t + 12. Let r be s(-4). Suppose -12*y + 16*y = r. Calculate the greatest common factor of y and 25.
25
Let x = 106 + -110. Let a(q) be the second derivative of -10*q**3/3 + 2*q**2 - 2*q. Let b be a(x). What is the greatest common divisor of 12 and b?
12
Let q = 256 - 22. What is the highest common divisor of q and 18?
18
Let u be ((-8)/(-5